{"id":186,"date":"2017-10-22T07:15:36","date_gmt":"2017-10-22T05:15:36","guid":{"rendered":"http:\/\/aline-voinot.com\/?page_id=186"},"modified":"2021-06-28T10:25:22","modified_gmt":"2021-06-28T08:25:22","slug":"1ere-coalition","status":"publish","type":"page","link":"https:\/\/aline-voinot.com\/index.php\/1ere-coalition\/","title":{"rendered":"1\u00e8re coalition"},"content":{"rendered":"<p>[vc_row full_width=\u00a0\u00bbstretch_row\u00a0\u00bb css=\u00a0\u00bb.vc_custom_1519815156304{background-color: #272727 !important;}\u00a0\u00bb][vc_column width=\u00a0\u00bb1\/2&Prime;][vc_column_text]<\/p>\n<h6 style=\"text-align: center;\"><span style=\"color: #ffffff;\">SYNOPSIS<\/span><\/h6>\n<table>\n<tbody>\n<tr>\n<td width=\"86\"><span style=\"color: #ffffff;\">BELLLIGERANTS<\/span><\/td>\n<td width=\"369\"><span style=\"color: #ffffff;\">France contre 1<sup>\u00e8re<\/sup> coalition lev\u00e9e par l\u2019Autriche et la Prusse<\/span><\/td>\n<\/tr>\n<tr>\n<td width=\"86\"><span style=\"color: #ffffff;\">DATE<\/span><\/td>\n<td width=\"369\"><span style=\"color: #ffffff;\">1792-1797<\/span><\/td>\n<\/tr>\n<tr>\n<td width=\"86\"><span style=\"color: #ffffff;\">LIEU<\/span><\/td>\n<td width=\"369\"><span style=\"color: #ffffff;\">Europe<\/span><\/td>\n<\/tr>\n<tr>\n<td width=\"86\"><span style=\"color: #ffffff;\">R\u00c9SULTATS<\/span><\/td>\n<td width=\"369\"><span style=\"color: #ffffff;\">Victoire fran\u00e7aise<\/span><\/td>\n<\/tr>\n<tr>\n<td width=\"86\"><span style=\"color: #ffffff;\"><strong>CONS\u00c9QUENCES<\/strong><\/span><\/td>\n<td width=\"369\">\n<ul>\n<li><span style=\"color: #ffffff;\">Trait\u00e9 de Campo-Formio<\/span><\/li>\n<li><span style=\"color: #ffffff;\">Trait\u00e9 de B\u00e2le (5 avril 1795)<\/span><\/li>\n<li><span style=\"color: #ffffff;\">Annexion fran\u00e7aise des\u00a0Pays-Bas autrichiens<\/span><\/li>\n<li><span style=\"color: #ffffff;\">Dissolution de la Premi\u00e8re coalition<\/span><\/li>\n<\/ul>\n<\/td>\n<\/tr>\n<\/tbody>\n<\/table>\n<p style=\"text-align: center;\"><span style=\"color: #ffffff;\">\u00a0<\/span><\/p>\n<p>[\/vc_column_text][vc_row_inner][vc_column_inner css=\u00a0\u00bb.vc_custom_1519814829730{padding-right: 50px !important;}\u00a0\u00bb][vc_btn title=\u00a0\u00bbTome 1&Prime; color=\u00a0\u00bbdanger\u00a0\u00bb size=\u00a0\u00bbxs\u00a0\u00bb][\/vc_column_inner][\/vc_row_inner][\/vc_column][vc_column width=\u00a0\u00bb1\/4&Prime;][vc_column_text]<\/p>\n<h6 style=\"text-align: center;\"><span style=\"color: #ffffff;\">REPUBLIQUE FRAN\u00c7AISE<\/span><\/h6>\n<p style=\"text-align: center;\"><span style=\"color: #ffffff;\">750 000 hommes<\/span><\/p>\n<p style=\"text-align: center;\"><span style=\"color: #ffffff;\">dont 29 000 hommes tu\u00e9s<\/span><\/p>\n<p>[\/vc_column_text][vc_btn title=\u00a0\u00bbG\u00e9n\u00e9raux concerrn\u00e9s\u00a0\u00bb color=\u00a0\u00bbmulled-wine\u00a0\u00bb size=\u00a0\u00bblg\u00a0\u00bb align=\u00a0\u00bbcenter\u00a0\u00bb i_align=\u00a0\u00bbright\u00a0\u00bb i_type=\u00a0\u00bbentypo\u00a0\u00bb i_icon_entypo=\u00a0\u00bbentypo-icon entypo-icon-user\u00a0\u00bb button_block=\u00a0\u00bbtrue\u00a0\u00bb add_icon=\u00a0\u00bbtrue\u00a0\u00bb][vc_column_text]<\/p>\n<ul>\n<li class=\"p1\"><span style=\"color: #ffffff;\">Jean-Fran\u00e7ois Coquille dit Dugommier (France)<\/span><\/li>\n<li class=\"p1\"><span style=\"color: #ffffff;\">Catherine-Dominique de P\u00e9rignon (France)<\/span><\/li>\n<li class=\"p1\"><span style=\"color: #ffffff;\">Luc Dagobert (France)<\/span><\/li>\n<li class=\"p1\"><span style=\"color: #ffffff;\">Bon-Adrien Jeannot de Moncey (France)<\/span><\/li>\n<li class=\"p1\"><span style=\"color: #ffffff;\">Jacques-L\u00e9onard Muller (France)<\/span><\/li>\n<\/ul>\n<p>[\/vc_column_text][\/vc_column][vc_column width=\u00a0\u00bb1\/4&Prime;][vc_column_text]<\/p>\n<h6 style=\"text-align: center;\"><span style=\"color: #ffffff;\">PREMIERE COALITION<\/span><\/h6>\n<p style=\"text-align: center;\"><span style=\"color: #ffffff;\">1 800 000 hommes<\/span><\/p>\n<p style=\"text-align: center;\"><span style=\"color: #ffffff;\">dont 80 000 tu\u00e9s<\/span><\/p>\n<p>[\/vc_column_text][vc_btn title=\u00a0\u00bbG\u00e9n\u00e9raux concerrn\u00e9s\u00a0\u00bb color=\u00a0\u00bbmulled-wine\u00a0\u00bb size=\u00a0\u00bblg\u00a0\u00bb align=\u00a0\u00bbcenter\u00a0\u00bb i_align=\u00a0\u00bbright\u00a0\u00bb i_type=\u00a0\u00bbentypo\u00a0\u00bb i_icon_entypo=\u00a0\u00bbentypo-icon entypo-icon-user\u00a0\u00bb button_block=\u00a0\u00bbtrue\u00a0\u00bb add_icon=\u00a0\u00bbtrue\u00a0\u00bb][vc_column_text]<\/p>\n<ul>\n<li><span style=\"color: #ffffff;\">Antonio Ricardos (Espagne)<\/span><\/li>\n<li><span style=\"color: #ffffff;\">Louis Firmin de Carvajal\u00a0(Espagne)<\/span><\/li>\n<li><span style=\"color: #ffffff;\">Jos\u00e9 de Urrutia\u00a0(Espagne)<\/span><\/li>\n<\/ul>\n<p>[\/vc_column_text][\/vc_column][\/vc_row][vc_row][vc_column][vc_column_text css=\u00a0\u00bb.vc_custom_1624385552618{padding-top: 5px !important;padding-right: 5px !important;padding-bottom: 5px !important;padding-left: 5px !important;}\u00a0\u00bb]La R\u00e9volution fran\u00e7aise, qui a d\u00e9but\u00e9 en 1789, inqui\u00e8te les monarchies voisines. Ces derni\u00e8res ont peur de voir les id\u00e9es r\u00e9volutionnaires traverser les fronti\u00e8res. D\u00e9sireuse de lib\u00e9rer les autres peuples europ\u00e9ens de leurs souverains respectifs et souhaitant d\u00e9tourner les fran\u00e7ais de leurs pr\u00e9occupations sur leur propre crise \u00e9conomique int\u00e9rieure, la France d\u00e9clare la guerre \u00e0 Fran\u00e7ois II le 20 avril 1792. La Prusse rejoint l&rsquo;Autriche et ces deux \u00e9tats formeront avec d&rsquo;autres puissances europ\u00e9ennes la 1\u00e8re coalition.[\/vc_column_text][vc_row_inner][vc_column_inner width=\u00a0\u00bb1\/4&Prime;][vc_btn title=\u00a0\u00bbGuerres R\u00e9volution\u00a0\u00bb color=\u00a0\u00bbwhite\u00a0\u00bb size=\u00a0\u00bblg\u00a0\u00bb align=\u00a0\u00bbcenter\u00a0\u00bb][\/vc_column_inner][vc_column_inner width=\u00a0\u00bb1\/4&Prime;][vc_btn title=\u00a0\u00bbBataille de la Coalition\u00a0\u00bb color=\u00a0\u00bbwhite\u00a0\u00bb size=\u00a0\u00bblg\u00a0\u00bb align=\u00a0\u00bbcenter\u00a0\u00bb][\/vc_column_inner][vc_column_inner width=\u00a0\u00bb1\/4&Prime;][vc_btn title=\u00a0\u00bbBataille du Rousillon\u00a0\u00bb color=\u00a0\u00bbwhite\u00a0\u00bb size=\u00a0\u00bblg\u00a0\u00bb align=\u00a0\u00bbcenter\u00a0\u00bb][\/vc_column_inner][vc_column_inner width=\u00a0\u00bb1\/4&Prime;][vc_btn title=\u00a0\u00bbPremi\u00e8re Campagne d&rsquo;Italie\u00a0\u00bb color=\u00a0\u00bbprimary\u00a0\u00bb size=\u00a0\u00bblg\u00a0\u00bb align=\u00a0\u00bbcenter\u00a0\u00bb i_align=\u00a0\u00bbright\u00a0\u00bb i_icon_fontawesome=\u00a0\u00bbfa fa-eye\u00a0\u00bb add_icon=\u00a0\u00bbtrue\u00a0\u00bb link=\u00a0\u00bburl:http%3A%2F%2Faline-voinot.com%2Findex.php%2Fcampagne-ditalie-1796-1797%2F||target:%20_blank|\u00a0\u00bb][\/vc_column_inner][\/vc_row_inner][vc_column_text]<\/p>\n<p>&nbsp;<\/p>\n<p>[\/vc_column_text][\/vc_column][\/vc_row][vc_row][vc_column][vc_single_image image=\u00a0\u00bb3298&Prime; img_size=\u00a0\u00bbfull\u00a0\u00bb onclick=\u00a0\u00bbcustom_link\u00a0\u00bb img_link_target=\u00a0\u00bb_blank\u00a0\u00bb link=\u00a0\u00bbhttps:\/\/www.westpoint.edu\/sites\/default\/files\/inline-images\/academics\/academic_departments\/history\/Napoleonic%20wars\/Nap01.pdf\u00a0\u00bb][vc_btn title=\u00a0\u00bb\u00c9tat de l&rsquo;Europe en 1796 &#8211; Les campagnes italiennes &#8211; Situation strat\u00e9gique en mars 1796&Prime; color=\u00a0\u00bbmulled-wine\u00a0\u00bb size=\u00a0\u00bblg\u00a0\u00bb align=\u00a0\u00bbcenter\u00a0\u00bb i_align=\u00a0\u00bbright\u00a0\u00bb i_icon_fontawesome=\u00a0\u00bbfa fa-copyright\u00a0\u00bb button_block=\u00a0\u00bbtrue\u00a0\u00bb add_icon=\u00a0\u00bbtrue\u00a0\u00bb link=\u00a0\u00bburl:https%3A%2F%2Fwww.westpoint.edu%2Fsites%2Fdefault%2Ffiles%2Finline-images%2Facademics%2Facademic_departments%2Fhistory%2FNapoleonic%2520wars%2FNap01.pdf||target:%20_blank|\u00a0\u00bb][\/vc_column][\/vc_row]<\/p>\n","protected":false},"excerpt":{"rendered":"<p>[vc_row full_width=\u00a0\u00bbstretch_row\u00a0\u00bb css=\u00a0\u00bb.vc_custom_1519815156304{background-color: #272727 !important;}\u00a0\u00bb][vc_column width=\u00a0\u00bb1\/2&Prime;][vc_column_text] SYNOPSIS BELLLIGERANTS France contre 1\u00e8re coalition lev\u00e9e par l\u2019Autriche et la Prusse DATE 1792-1797 LIEU Europe R\u00c9SULTATS Victoire fran\u00e7aise CONS\u00c9QUENCES Trait\u00e9 de Campo-Formio Trait\u00e9 de B\u00e2le (5 avril 1795) Annexion fran\u00e7aise des\u00a0Pays-Bas autrichiens Dissolution<\/p>\n","protected":false},"author":1,"featured_media":0,"parent":0,"menu_order":0,"comment_status":"closed","ping_status":"closed","template":"","meta":{"footnotes":""},"class_list":["post-186","page","type-page","status-publish","hentry"],"yoast_head":"<!-- This site is optimized with the Yoast SEO plugin v22.8 - https:\/\/yoast.com\/wordpress\/plugins\/seo\/ -->\n<title>1\u00e8re coalition - L&#039;Histoire est un roman...<\/title>\n<meta name=\"robots\" content=\"index, follow, max-snippet:-1, max-image-preview:large, max-video-preview:-1\" \/>\n<link rel=\"canonical\" href=\"https:\/\/aline-voinot.com\/index.php\/1ere-coalition\/\" \/>\n<meta property=\"og:locale\" content=\"fr_FR\" \/>\n<meta property=\"og:type\" content=\"article\" \/>\n<meta property=\"og:title\" content=\"1\u00e8re coalition - L&#039;Histoire est un roman...\" \/>\n<meta property=\"og:description\" content=\"[vc_row full_width=\u00a0\u00bbstretch_row\u00a0\u00bb css=\u00a0\u00bb.vc_custom_1519815156304{background-color: #272727 !important;}\u00a0\u00bb][vc_column width=\u00a0\u00bb1\/2&Prime;][vc_column_text] SYNOPSIS BELLLIGERANTS France contre 1\u00e8re coalition lev\u00e9e par l\u2019Autriche et la Prusse DATE 1792-1797 LIEU Europe R\u00c9SULTATS Victoire fran\u00e7aise CONS\u00c9QUENCES Trait\u00e9 de Campo-Formio Trait\u00e9 de B\u00e2le (5 avril 1795) Annexion fran\u00e7aise des\u00a0Pays-Bas autrichiens Dissolution\" \/>\n<meta property=\"og:url\" content=\"https:\/\/aline-voinot.com\/index.php\/1ere-coalition\/\" \/>\n<meta property=\"og:site_name\" content=\"L&#039;Histoire est un roman...\" \/>\n<meta property=\"article:modified_time\" content=\"2021-06-28T08:25:22+00:00\" \/>\n<meta name=\"twitter:card\" content=\"summary_large_image\" \/>\n<meta name=\"twitter:label1\" content=\"Dur\u00e9e de lecture estim\u00e9e\" \/>\n\t<meta name=\"twitter:data1\" content=\"3 minutes\" \/>\n<script type=\"application\/ld+json\" class=\"yoast-schema-graph\">{\"@context\":\"https:\/\/schema.org\",\"@graph\":[{\"@type\":\"WebPage\",\"@id\":\"https:\/\/aline-voinot.com\/index.php\/1ere-coalition\/\",\"url\":\"https:\/\/aline-voinot.com\/index.php\/1ere-coalition\/\",\"name\":\"1\u00e8re coalition - L&#039;Histoire est un roman...\",\"isPartOf\":{\"@id\":\"https:\/\/aline-voinot.com\/#website\"},\"datePublished\":\"2017-10-22T05:15:36+00:00\",\"dateModified\":\"2021-06-28T08:25:22+00:00\",\"breadcrumb\":{\"@id\":\"https:\/\/aline-voinot.com\/index.php\/1ere-coalition\/#breadcrumb\"},\"inLanguage\":\"fr-FR\",\"potentialAction\":[{\"@type\":\"ReadAction\",\"target\":[\"https:\/\/aline-voinot.com\/index.php\/1ere-coalition\/\"]}]},{\"@type\":\"BreadcrumbList\",\"@id\":\"https:\/\/aline-voinot.com\/index.php\/1ere-coalition\/#breadcrumb\",\"itemListElement\":[{\"@type\":\"ListItem\",\"position\":1,\"name\":\"Accueil\",\"item\":\"https:\/\/aline-voinot.com\/\"},{\"@type\":\"ListItem\",\"position\":2,\"name\":\"1\u00e8re coalition\"}]},{\"@type\":\"WebSite\",\"@id\":\"https:\/\/aline-voinot.com\/#website\",\"url\":\"https:\/\/aline-voinot.com\/\",\"name\":\"L&#039;Histoire est un roman...\",\"description\":\"&quot;Destins connus, destins crois\u00e9s&quot; la premi\u00e8re encyclop\u00e9die romanc\u00e9e...\",\"potentialAction\":[{\"@type\":\"SearchAction\",\"target\":{\"@type\":\"EntryPoint\",\"urlTemplate\":\"https:\/\/aline-voinot.com\/?s={search_term_string}\"},\"query-input\":\"required name=search_term_string\"}],\"inLanguage\":\"fr-FR\"}]}<\/script>\n<!-- \/ Yoast SEO plugin. -->","yoast_head_json":{"title":"1\u00e8re coalition - L&#039;Histoire est un roman...","robots":{"index":"index","follow":"follow","max-snippet":"max-snippet:-1","max-image-preview":"max-image-preview:large","max-video-preview":"max-video-preview:-1"},"canonical":"https:\/\/aline-voinot.com\/index.php\/1ere-coalition\/","og_locale":"fr_FR","og_type":"article","og_title":"1\u00e8re coalition - L&#039;Histoire est un roman...","og_description":"[vc_row full_width=\u00a0\u00bbstretch_row\u00a0\u00bb css=\u00a0\u00bb.vc_custom_1519815156304{background-color: #272727 !important;}\u00a0\u00bb][vc_column width=\u00a0\u00bb1\/2&Prime;][vc_column_text] SYNOPSIS BELLLIGERANTS France contre 1\u00e8re coalition lev\u00e9e par l\u2019Autriche et la Prusse DATE 1792-1797 LIEU Europe R\u00c9SULTATS Victoire fran\u00e7aise CONS\u00c9QUENCES Trait\u00e9 de Campo-Formio Trait\u00e9 de B\u00e2le (5 avril 1795) Annexion fran\u00e7aise des\u00a0Pays-Bas autrichiens Dissolution","og_url":"https:\/\/aline-voinot.com\/index.php\/1ere-coalition\/","og_site_name":"L&#039;Histoire est un roman...","article_modified_time":"2021-06-28T08:25:22+00:00","twitter_card":"summary_large_image","twitter_misc":{"Dur\u00e9e de lecture estim\u00e9e":"3 minutes"},"schema":{"@context":"https:\/\/schema.org","@graph":[{"@type":"WebPage","@id":"https:\/\/aline-voinot.com\/index.php\/1ere-coalition\/","url":"https:\/\/aline-voinot.com\/index.php\/1ere-coalition\/","name":"1\u00e8re coalition - L&#039;Histoire est un roman...","isPartOf":{"@id":"https:\/\/aline-voinot.com\/#website"},"datePublished":"2017-10-22T05:15:36+00:00","dateModified":"2021-06-28T08:25:22+00:00","breadcrumb":{"@id":"https:\/\/aline-voinot.com\/index.php\/1ere-coalition\/#breadcrumb"},"inLanguage":"fr-FR","potentialAction":[{"@type":"ReadAction","target":["https:\/\/aline-voinot.com\/index.php\/1ere-coalition\/"]}]},{"@type":"BreadcrumbList","@id":"https:\/\/aline-voinot.com\/index.php\/1ere-coalition\/#breadcrumb","itemListElement":[{"@type":"ListItem","position":1,"name":"Accueil","item":"https:\/\/aline-voinot.com\/"},{"@type":"ListItem","position":2,"name":"1\u00e8re coalition"}]},{"@type":"WebSite","@id":"https:\/\/aline-voinot.com\/#website","url":"https:\/\/aline-voinot.com\/","name":"L&#039;Histoire est un roman...","description":"&quot;Destins connus, destins crois\u00e9s&quot; la premi\u00e8re encyclop\u00e9die romanc\u00e9e...","potentialAction":[{"@type":"SearchAction","target":{"@type":"EntryPoint","urlTemplate":"https:\/\/aline-voinot.com\/?s={search_term_string}"},"query-input":"required name=search_term_string"}],"inLanguage":"fr-FR"}]}},"_links":{"self":[{"href":"https:\/\/aline-voinot.com\/index.php\/wp-json\/wp\/v2\/pages\/186","targetHints":{"allow":["GET"]}}],"collection":[{"href":"https:\/\/aline-voinot.com\/index.php\/wp-json\/wp\/v2\/pages"}],"about":[{"href":"https:\/\/aline-voinot.com\/index.php\/wp-json\/wp\/v2\/types\/page"}],"author":[{"embeddable":true,"href":"https:\/\/aline-voinot.com\/index.php\/wp-json\/wp\/v2\/users\/1"}],"replies":[{"embeddable":true,"href":"https:\/\/aline-voinot.com\/index.php\/wp-json\/wp\/v2\/comments?post=186"}],"version-history":[{"count":0,"href":"https:\/\/aline-voinot.com\/index.php\/wp-json\/wp\/v2\/pages\/186\/revisions"}],"wp:attachment":[{"href":"https:\/\/aline-voinot.com\/index.php\/wp-json\/wp\/v2\/media?parent=186"}],"curies":[{"name":"wp","href":"https:\/\/api.w.org\/{rel}","templated":true}]}}