{"id":3550,"date":"2018-03-07T16:21:16","date_gmt":"2018-03-07T15:21:16","guid":{"rendered":"http:\/\/aline-voinot.com\/?page_id=3550"},"modified":"2020-10-08T15:45:06","modified_gmt":"2020-10-08T13:45:06","slug":"camp-de-boulogne","status":"publish","type":"page","link":"https:\/\/aline-voinot.com\/index.php\/camp-de-boulogne\/","title":{"rendered":"Camp de Boulogne"},"content":{"rendered":"<p>[vc_row full_width=\u00a0\u00bbstretch_row\u00a0\u00bb css=\u00a0\u00bb.vc_custom_1519929301374{background-color: #376092 !important;}\u00a0\u00bb][vc_column width=\u00a0\u00bb1\/2&Prime;][vc_column_text css=\u00a0\u00bb.vc_custom_1602158266241{margin-top: -20px !important;}\u00a0\u00bb]<\/p>\n<p style=\"text-align: center;\"><span style=\"color: #ffffff;\">SYNOPSIS<\/span><\/p>\n<table>\n<tbody>\n<tr>\n<td width=\"88\"><span style=\"color: #ffffff;\"><strong>1803<\/strong><\/span><\/td>\n<td width=\"366\"><span style=\"color: #ffffff;\">D\u00e9claration de guerre de la France \u00e0 l\u2019Angleterre. Boulogne devient le camp de base de <em>la Grande-arm\u00e9e<\/em>. Napol\u00e9on souhaite envahir l\u2019Angleterre et tous les chantiers navals fran\u00e7ais se mobilisent pour fournir des vaisseaux.<\/span><\/td>\n<\/tr>\n<tr>\n<td width=\"88\"><span style=\"color: #ffffff;\"><strong>1804<\/strong><\/span><\/td>\n<td width=\"366\"><span style=\"color: #ffffff;\">C\u2019est au Camp de Boulogne que se fera la remise des croix de la L\u00e9gion d\u2019honneur aux soldats de la Grande-arm\u00e9e<\/span><\/td>\n<\/tr>\n<tr>\n<td width=\"88\"><span style=\"color: #ffffff;\"><strong>1805<\/strong><\/span><\/td>\n<td width=\"366\"><span style=\"color: #ffffff;\">Le Camp de Boulogne atteint 60 000 mais sera lev\u00e9 au mois d\u2019ao\u00fbt 1805 pour prendre la direction de l\u2019Allemagne et battre les soldats de la 3<sup>e<\/sup> coalition<\/span><\/td>\n<\/tr>\n<\/tbody>\n<\/table>\n<p>[\/vc_column_text][\/vc_column][vc_column width=\u00a0\u00bb1\/4&Prime;][vc_empty_space][vc_column_text]<\/p>\n<p style=\"text-align: center;\"><span style=\"color: #ffffff;\">EMPIRE FRAN\u00c7AIS<\/span><\/p>\n<p style=\"text-align: center;\"><span style=\"color: #ffffff;\">60 000 hommes<\/span><\/p>\n<p>[\/vc_column_text][vc_btn title=\u00a0\u00bbTome 2&Prime; color=\u00a0\u00bbprimary\u00a0\u00bb size=\u00a0\u00bbxs\u00a0\u00bb align=\u00a0\u00bbcenter\u00a0\u00bb][\/vc_column][vc_column width=\u00a0\u00bb1\/4&Prime;][vc_empty_space][vc_masonry_media_grid grid_id=\u00a0\u00bbvc_gid:1602164675623-dda9eef524657599bab3636f7662faf7-4&Prime; include=\u00a0\u00bb3180&Prime; css=\u00a0\u00bb.vc_custom_1520437329697{margin-left: 40px !important;}\u00a0\u00bb][\/vc_column][\/vc_row][vc_row][vc_column][vc_column_text]Le camp de Boulogne a pour but de pr\u00e9parer un d\u00e9barquement en Angleterre. Il cr\u00e9e une diversion en simulant une attaque aux Antilles et contraindre l&rsquo;Angleterre \u00e0 envoyer ses b\u00e2timents de guerre bas\u00e9s dans la Manche vers l&rsquo;Atlantique. Mais les Anglais, redoutables marins auront tr\u00e8s vite compris la man\u0153uvre et emp\u00eacheront l&rsquo;amiral Villeneuve de ramener ses navires stationn\u00e9s au sud de l&rsquo;Espagne vers la Manche. L&rsquo;amiral Horatio Nelson veillera\u00a0 a maintenir les navires fran\u00e7ais en \u00e9chec jusqu&rsquo;\u00e0 l&rsquo;issue fatale de la bataille de Trafalgar, le 21 octobre 1805, o\u00f9 les flottes fran\u00e7aise et espagnole sont d\u00e9truites.[\/vc_column_text][\/vc_column][\/vc_row][vc_row][vc_column][vc_row_inner][vc_column_inner width=\u00a0\u00bb1\/3&Prime;][vc_single_image image=\u00a0\u00bb23802&Prime; img_size=\u00a0\u00bbfull\u00a0\u00bb onclick=\u00a0\u00bbcustom_link\u00a0\u00bb img_link_target=\u00a0\u00bb_blank\u00a0\u00bb css=\u00a0\u00bb.vc_custom_1591451921600{margin-bottom: -10px !important;}\u00a0\u00bb link=\u00a0\u00bbhttps:\/\/fr.wikipedia.org\/wiki\/Grande_Arm%C3%A9e#\/media\/File:Inspecting_the_Troops_at_Boulogne,_15_August_1804.png\u00a0\u00bb][vc_btn title=\u00a0\u00bbCamp de Boulogne &#8211; Napole\u0301on sur le sable de Boulogne &#8211; Andrew Carrick Gow &#8211; Lieu de conservation inconnu\u00a0\u00bb style=\u00a0\u00bbclassic\u00a0\u00bb shape=\u00a0\u00bbsquare\u00a0\u00bb color=\u00a0\u00bbdefault\u00a0\u00bb align=\u00a0\u00bbcenter\u00a0\u00bb i_align=\u00a0\u00bbright\u00a0\u00bb i_icon_fontawesome=\u00a0\u00bbfa fa-eye\u00a0\u00bb add_icon=\u00a0\u00bbtrue\u00a0\u00bb css=\u00a0\u00bb.vc_custom_1521724035891{margin-top: -5px !important;margin-left: -5px !important;}\u00a0\u00bb link=\u00a0\u00bb||target:%20_blank|\u00a0\u00bb][\/vc_column_inner][vc_column_inner width=\u00a0\u00bb1\/3&Prime;][vc_single_image image=\u00a0\u00bb23811&Prime; img_size=\u00a0\u00bbfull\u00a0\u00bb onclick=\u00a0\u00bbcustom_link\u00a0\u00bb css=\u00a0\u00bb.vc_custom_1591451938798{margin-bottom: -10px !important;}\u00a0\u00bb link=\u00a0\u00bbhttp:\/\/www.culture.gouv.fr\/public\/mistral\/joconde_fr?ACTION=CHERCHER&amp;FIELD_3=AUTR&amp;VALUE_3=MAY%20EDOUARD\u00a0\u00bb][vc_btn title=\u00a0\u00bbCamp de Boulogne &#8211; Auteur et lieu de conservation inconnu\u00a0\u00bb style=\u00a0\u00bbclassic\u00a0\u00bb shape=\u00a0\u00bbsquare\u00a0\u00bb color=\u00a0\u00bbdefault\u00a0\u00bb align=\u00a0\u00bbcenter\u00a0\u00bb i_align=\u00a0\u00bbright\u00a0\u00bb i_icon_fontawesome=\u00a0\u00bbfa fa-eye\u00a0\u00bb add_icon=\u00a0\u00bbtrue\u00a0\u00bb css=\u00a0\u00bb.vc_custom_1521724107523{margin-top: -5px !important;margin-left: -5px !important;}\u00a0\u00bb link=\u00a0\u00bb||target:%20_blank|\u00a0\u00bb][\/vc_column_inner][vc_column_inner width=\u00a0\u00bb1\/3&Prime;][vc_single_image image=\u00a0\u00bb23815&Prime; img_size=\u00a0\u00bbfull\u00a0\u00bb onclick=\u00a0\u00bbcustom_link\u00a0\u00bb img_link_target=\u00a0\u00bb_blank\u00a0\u00bb css=\u00a0\u00bb.vc_custom_1591451956790{margin-bottom: -10px !important;}\u00a0\u00bb link=\u00a0\u00bbhttp:\/\/www.culture.gouv.fr\/public\/mistral\/joconde_fr?ACTION=RETROUVER&amp;FIELD_98=REPR&amp;VALUE_98=%27Bavi%e8re%27&amp;NUMBER=28&amp;GRP=0&amp;REQ=%28%28%27Bavi%e8re%27%29%20%3aREPR%20%29&amp;USRNAME=nobody&amp;USRPWD=4%24%2534P&amp;SPEC=5&amp;SYN=1&amp;IMLY=&amp;MAX1=1&amp;MAX2=1&amp;MAX3=200&amp;DOM=All\u00a0\u00bb][vc_btn title=\u00a0\u00bbCamp de Boulogne &#8211; Napole\u0301on visitant le camp de Boulogne en juillet 1804 &#8211; Lieu de conservation inconnu\u00a0\u00bb style=\u00a0\u00bbclassic\u00a0\u00bb shape=\u00a0\u00bbsquare\u00a0\u00bb color=\u00a0\u00bbdefault\u00a0\u00bb align=\u00a0\u00bbcenter\u00a0\u00bb i_align=\u00a0\u00bbright\u00a0\u00bb i_icon_fontawesome=\u00a0\u00bbfa fa-eye\u00a0\u00bb add_icon=\u00a0\u00bbtrue\u00a0\u00bb css=\u00a0\u00bb.vc_custom_1521724177870{margin-top: -5px !important;margin-left: -5px !important;}\u00a0\u00bb link=\u00a0\u00bb||target:%20_blank|\u00a0\u00bb][\/vc_column_inner][\/vc_row_inner][vc_row_inner][vc_column_inner width=\u00a0\u00bb1\/3&Prime;][vc_single_image image=\u00a0\u00bb23803&Prime; img_size=\u00a0\u00bbfull\u00a0\u00bb onclick=\u00a0\u00bbcustom_link\u00a0\u00bb img_link_target=\u00a0\u00bb_blank\u00a0\u00bb css=\u00a0\u00bb.vc_custom_1591451971470{margin-bottom: -10px !important;}\u00a0\u00bb link=\u00a0\u00bbhttp:\/\/www.culture.gouv.fr\/public\/mistral\/joconde_fr?ACTION=RETROUVER&amp;FIELD_1=DOMN&amp;VALUE_1=&amp;FIELD_2=Ctyob&amp;VALUE_2=&amp;FIELD_3=AUTR&amp;VALUE_3=&amp;FIELD_4=Clieu&amp;VALUE_4=&amp;FIELD_5=REPR&amp;VALUE_5=&amp;FIELD_6=Cdate&amp;VALUE_6=&amp;FIELD_7=DECV&amp;VALUE_7=&amp;FIELD_8=LOCA&amp;VALUE_8=&amp;FIELD_9=Mat%e9riaux%2ftechniques&amp;VALUE_9=&amp;FIELD_10=Titre&amp;VALUE_10=%27GUNTZBOURG%27&amp;NUMBER=2&amp;GRP=0&amp;REQ=%28%28%27GUNTZBOURG%27%29%20%3aTITR%20%29&amp;USRNAME=nobody&amp;USRPWD=4%24%2534P&amp;SPEC=5&amp;SYN=1&amp;IMLY=&amp;MAX1=1&amp;MAX2=1&amp;MAX3=200&amp;DOM=All\u00a0\u00bb][vc_btn title=\u00a0\u00bbCamp de Boulogne &#8211; Vue d\u2019optique repre\u0301sentant le projet de l\u2019embarquement pour la descente en Angleterre &#8211; gravure colorie\u0301e-publie\u0301e chez Chereau, 1803&Prime; style=\u00a0\u00bbclassic\u00a0\u00bb shape=\u00a0\u00bbsquare\u00a0\u00bb color=\u00a0\u00bbdefault\u00a0\u00bb align=\u00a0\u00bbcenter\u00a0\u00bb i_align=\u00a0\u00bbright\u00a0\u00bb i_icon_fontawesome=\u00a0\u00bbfa fa-eye\u00a0\u00bb add_icon=\u00a0\u00bbtrue\u00a0\u00bb css=\u00a0\u00bb.vc_custom_1521724352939{margin-top: -5px !important;margin-left: -5px !important;}\u00a0\u00bb link=\u00a0\u00bb||target:%20_blank|\u00a0\u00bb][\/vc_column_inner][vc_column_inner width=\u00a0\u00bb1\/3&Prime;][vc_single_image image=\u00a0\u00bb23801&Prime; img_size=\u00a0\u00bbfull\u00a0\u00bb onclick=\u00a0\u00bbcustom_link\u00a0\u00bb img_link_target=\u00a0\u00bb_blank\u00a0\u00bb css=\u00a0\u00bb.vc_custom_1591451987900{margin-bottom: -10px !important;}\u00a0\u00bb link=\u00a0\u00bbhttp:\/\/www.culture.gouv.fr\/public\/mistral\/joconde_fr?ACTION=RETROUVER&amp;FIELD_1=DOMN&amp;VALUE_1=&amp;FIELD_2=Ctyob&amp;VALUE_2=&amp;FIELD_3=AUTR&amp;VALUE_3=&amp;FIELD_4=Clieu&amp;VALUE_4=&amp;FIELD_5=REPR&amp;VALUE_5=&amp;FIELD_6=Cdate&amp;VALUE_6=&amp;FIELD_7=DECV&amp;VALUE_7=&amp;FIELD_8=LOCA&amp;VALUE_8=&amp;FIELD_9=Mat%e9riaux%2ftechniques&amp;VALUE_9=&amp;FIELD_10=Titre&amp;VALUE_10=%27GUNTZBOURG%27&amp;NUMBER=2&amp;GRP=0&amp;REQ=%28%28%27GUNTZBOURG%27%29%20%3aTITR%20%29&amp;USRNAME=nobody&amp;USRPWD=4%24%2534P&amp;SPEC=5&amp;SYN=1&amp;IMLY=&amp;MAX1=1&amp;MAX2=1&amp;MAX3=200&amp;DOM=All\u00a0\u00bb][vc_btn title=\u00a0\u00bbCamp de Boulogne &#8211; Vue du port et de la rade de Boulogne au moment du de\u0301part de la Flottille &#8211; 16 aou\u0302t 1803 &#8211; Horace Vernet\u00a0\u00bb style=\u00a0\u00bbclassic\u00a0\u00bb shape=\u00a0\u00bbsquare\u00a0\u00bb color=\u00a0\u00bbdefault\u00a0\u00bb align=\u00a0\u00bbcenter\u00a0\u00bb i_align=\u00a0\u00bbright\u00a0\u00bb i_icon_fontawesome=\u00a0\u00bbfa fa-eye\u00a0\u00bb add_icon=\u00a0\u00bbtrue\u00a0\u00bb css=\u00a0\u00bb.vc_custom_1521724444794{margin-top: -5px !important;margin-left: -5px !important;}\u00a0\u00bb link=\u00a0\u00bb||target:%20_blank|\u00a0\u00bb][\/vc_column_inner][vc_column_inner width=\u00a0\u00bb1\/3&Prime;][vc_single_image image=\u00a0\u00bb23813&Prime; img_size=\u00a0\u00bbfull\u00a0\u00bb onclick=\u00a0\u00bbcustom_link\u00a0\u00bb img_link_target=\u00a0\u00bb_blank\u00a0\u00bb css=\u00a0\u00bb.vc_custom_1591452008922{margin-bottom: -10px !important;}\u00a0\u00bb link=\u00a0\u00bbhttp:\/\/www.culture.gouv.fr\/public\/mistral\/joconde_fr?ACTION=RETROUVER&amp;FIELD_98=REPR&amp;VALUE_98=%27Bavi%e8re%27&amp;NUMBER=2&amp;GRP=0&amp;REQ=%28%28%27Bavi%e8re%27%29%20%3aREPR%20%29&amp;USRNAME=nobody&amp;USRPWD=4%24%2534P&amp;SPEC=5&amp;SYN=1&amp;IMLY=&amp;MAX1=1&amp;MAX2=1&amp;MAX3=200&amp;DOM=All\u00a0\u00bb][vc_single_image image=\u00a0\u00bb3974&Prime; img_size=\u00a0\u00bbfull\u00a0\u00bb onclick=\u00a0\u00bbcustom_link\u00a0\u00bb img_link_target=\u00a0\u00bb_blank\u00a0\u00bb css=\u00a0\u00bb.vc_custom_1521723735698{margin-bottom: -10px !important;}\u00a0\u00bb link=\u00a0\u00bbhttps:\/\/fr.wikipedia.org\/wiki\/Bataille_d%27Ulm#\/media\/File:Charles_Th%C3%A9venin_-_Reddition_de_la_ville_d%27Ulm.jpg\u00a0\u00bb][vc_btn title=\u00a0\u00bbCamp de Boulogne-Napole\u0301on au camp de Boulogne &#8211; Philippe Auguste Hennequin &#8211; Lieu de conservation inconnu\u00a0\u00bb style=\u00a0\u00bbclassic\u00a0\u00bb shape=\u00a0\u00bbsquare\u00a0\u00bb color=\u00a0\u00bbdefault\u00a0\u00bb align=\u00a0\u00bbcenter\u00a0\u00bb i_align=\u00a0\u00bbright\u00a0\u00bb i_icon_fontawesome=\u00a0\u00bbfa fa-eye\u00a0\u00bb add_icon=\u00a0\u00bbtrue\u00a0\u00bb css=\u00a0\u00bb.vc_custom_1521724688562{margin-top: -5px !important;margin-left: -5px !important;}\u00a0\u00bb link=\u00a0\u00bb||target:%20_blank|\u00a0\u00bb][\/vc_column_inner][\/vc_row_inner][vc_row_inner][vc_column_inner width=\u00a0\u00bb1\/3&Prime;][vc_single_image image=\u00a0\u00bb23816&Prime; img_size=\u00a0\u00bbfull\u00a0\u00bb onclick=\u00a0\u00bbcustom_link\u00a0\u00bb img_link_target=\u00a0\u00bb_blank\u00a0\u00bb css=\u00a0\u00bb.vc_custom_1591452022038{margin-bottom: -10px !important;}\u00a0\u00bb link=\u00a0\u00bbhttps:\/\/fr.wikipedia.org\/wiki\/Bataille_d%27Ulm#\/media\/File:Charles_Th%C3%A9venin_-_Reddition_de_la_ville_d%27Ulm.jpg\u00a0\u00bb][vc_btn title=\u00a0\u00bbCamp de Boulogne &#8211; Premie\u0300re distribution de la Le\u0301gion d&rsquo;honneur au camp de Boulogne, le16 aou\u0302t 1804, par Napoleon Bonaparte &#8211; Victor Adam &#8211; Lieu de conservation inconnu\u00a0\u00bb style=\u00a0\u00bbclassic\u00a0\u00bb shape=\u00a0\u00bbsquare\u00a0\u00bb color=\u00a0\u00bbdefault\u00a0\u00bb align=\u00a0\u00bbcenter\u00a0\u00bb i_align=\u00a0\u00bbright\u00a0\u00bb i_icon_fontawesome=\u00a0\u00bbfa fa-eye\u00a0\u00bb add_icon=\u00a0\u00bbtrue\u00a0\u00bb css=\u00a0\u00bb.vc_custom_1521724797130{margin-top: -5px !important;margin-left: -5px !important;}\u00a0\u00bb link=\u00a0\u00bb||target:%20_blank|\u00a0\u00bb][\/vc_column_inner][vc_column_inner width=\u00a0\u00bb1\/3&Prime;][vc_single_image image=\u00a0\u00bb23810&Prime; img_size=\u00a0\u00bbfull\u00a0\u00bb onclick=\u00a0\u00bbcustom_link\u00a0\u00bb img_link_target=\u00a0\u00bb_blank\u00a0\u00bb css=\u00a0\u00bb.vc_custom_1591452038617{margin-bottom: -10px !important;}\u00a0\u00bb link=\u00a0\u00bbhttps:\/\/fr.wikipedia.org\/wiki\/Bataille_de_D%C3%BCrenstein#\/media\/File:Battle_of_durenstein_1805.png\u00a0\u00bb][vc_btn title=\u00a0\u00bbCamp de Boulogne &#8211; Distribution des croix d&rsquo;honneur au camp de Boulogne &#8211; Auteur et lieu de conservation inconnu\u00a0\u00bb style=\u00a0\u00bbclassic\u00a0\u00bb shape=\u00a0\u00bbsquare\u00a0\u00bb color=\u00a0\u00bbdefault\u00a0\u00bb align=\u00a0\u00bbcenter\u00a0\u00bb i_align=\u00a0\u00bbright\u00a0\u00bb i_icon_fontawesome=\u00a0\u00bbfa fa-eye\u00a0\u00bb add_icon=\u00a0\u00bbtrue\u00a0\u00bb css=\u00a0\u00bb.vc_custom_1521724897408{margin-top: -5px !important;margin-left: -5px !important;}\u00a0\u00bb link=\u00a0\u00bb||target:%20_blank|\u00a0\u00bb][\/vc_column_inner][vc_column_inner width=\u00a0\u00bb1\/3&Prime;][vc_single_image image=\u00a0\u00bb23817&Prime; img_size=\u00a0\u00bbfull\u00a0\u00bb onclick=\u00a0\u00bbcustom_link\u00a0\u00bb css=\u00a0\u00bb.vc_custom_1591452051344{margin-bottom: -10px !important;}\u00a0\u00bb link=\u00a0\u00bbhttp:\/\/www.culture.gouv.fr\/public\/mistral\/joconde_fr?ACTION=RETROUVER&amp;FIELD_98=REPR&amp;VALUE_98=Berthier%20Louis%20Alexandre&amp;NUMBER=14&amp;GRP=0&amp;REQ=%28%28Berthier%20Louis%20Alexandre%29%20%3aREPR%20%29&amp;USRNAME=nobody&amp;USRPWD=4%24%2534P&amp;SPEC=1&amp;SYN=1&amp;IMLY=&amp;MAX1=1&amp;MAX2=1&amp;MAX3=200&amp;DOM=All\u00a0\u00bb][vc_btn title=\u00a0\u00bbCamp de Boulogne &#8211; Premie\u0300re distribution le\u0301gion d&rsquo;honneur &#8211; Auteur et lieu de conservation inconnu\u00a0\u00bb style=\u00a0\u00bbclassic\u00a0\u00bb shape=\u00a0\u00bbsquare\u00a0\u00bb color=\u00a0\u00bbdefault\u00a0\u00bb align=\u00a0\u00bbcenter\u00a0\u00bb i_align=\u00a0\u00bbright\u00a0\u00bb i_icon_fontawesome=\u00a0\u00bbfa fa-eye\u00a0\u00bb add_icon=\u00a0\u00bbtrue\u00a0\u00bb css=\u00a0\u00bb.vc_custom_1521724958546{margin-top: -5px !important;margin-left: -5px !important;}\u00a0\u00bb link=\u00a0\u00bb||target:%20_blank|\u00a0\u00bb][\/vc_column_inner][\/vc_row_inner][vc_row_inner][vc_column_inner width=\u00a0\u00bb1\/3&Prime;][vc_single_image image=\u00a0\u00bb3556&Prime; img_size=\u00a0\u00bbfull\u00a0\u00bb onclick=\u00a0\u00bbcustom_link\u00a0\u00bb img_link_target=\u00a0\u00bb_blank\u00a0\u00bb css=\u00a0\u00bb.vc_custom_1521723941712{margin-bottom: -10px !important;}\u00a0\u00bb link=\u00a0\u00bbhttps:\/\/fr.wikipedia.org\/wiki\/Bataille_d%27Hollabrunn_(1805)#\/media\/File:Shengraben1.jpg\u00a0\u00bb][vc_btn title=\u00a0\u00bbCamp de Boulogne &#8211; Inspection de l&rsquo;arme\u0301e le 15 aou\u0302t 1804 &#8211; Auteur et lieu de conservation inconnu\u00a0\u00bb style=\u00a0\u00bbclassic\u00a0\u00bb shape=\u00a0\u00bbsquare\u00a0\u00bb color=\u00a0\u00bbdefault\u00a0\u00bb align=\u00a0\u00bbcenter\u00a0\u00bb i_align=\u00a0\u00bbright\u00a0\u00bb i_icon_fontawesome=\u00a0\u00bbfa fa-eye\u00a0\u00bb add_icon=\u00a0\u00bbtrue\u00a0\u00bb css=\u00a0\u00bb.vc_custom_1521725016946{margin-top: -5px !important;margin-left: -5px !important;}\u00a0\u00bb link=\u00a0\u00bb||target:%20_blank|\u00a0\u00bb][\/vc_column_inner][vc_column_inner width=\u00a0\u00bb1\/3&Prime;][vc_single_image image=\u00a0\u00bb23800&Prime; img_size=\u00a0\u00bbfull\u00a0\u00bb onclick=\u00a0\u00bbcustom_link\u00a0\u00bb img_link_target=\u00a0\u00bb_blank\u00a0\u00bb css=\u00a0\u00bb.vc_custom_1591452066398{margin-bottom: -10px !important;}\u00a0\u00bb link=\u00a0\u00bbhttps:\/\/fr.wikipedia.org\/wiki\/Fichier:Austerlitz-baron-Pascal.jpg\u00a0\u00bb][vc_btn title=\u00a0\u00bbCamp de Boulogne &#8211; Projet d&rsquo;invasion de l&rsquo;Angleterre par les troupes napole\u0301oniennes &#8211; Auteur et lieu de conservation inconnu\u00a0\u00bb style=\u00a0\u00bbclassic\u00a0\u00bb shape=\u00a0\u00bbsquare\u00a0\u00bb color=\u00a0\u00bbdefault\u00a0\u00bb align=\u00a0\u00bbcenter\u00a0\u00bb i_align=\u00a0\u00bbright\u00a0\u00bb i_icon_fontawesome=\u00a0\u00bbfa fa-eye\u00a0\u00bb add_icon=\u00a0\u00bbtrue\u00a0\u00bb css=\u00a0\u00bb.vc_custom_1521725064720{margin-top: -5px !important;margin-left: -5px !important;}\u00a0\u00bb link=\u00a0\u00bb||target:%20_blank|\u00a0\u00bb][\/vc_column_inner][vc_column_inner width=\u00a0\u00bb1\/3&Prime;][\/vc_column_inner][\/vc_row_inner][\/vc_column][\/vc_row]<\/p>\n","protected":false},"excerpt":{"rendered":"<p>[vc_row full_width=\u00a0\u00bbstretch_row\u00a0\u00bb css=\u00a0\u00bb.vc_custom_1519929301374{background-color: #376092 !important;}\u00a0\u00bb][vc_column width=\u00a0\u00bb1\/2&Prime;][vc_column_text css=\u00a0\u00bb.vc_custom_1602158266241{margin-top: -20px !important;}\u00a0\u00bb] SYNOPSIS 1803 D\u00e9claration de guerre de la France \u00e0 l\u2019Angleterre. Boulogne devient le camp de base de la Grande-arm\u00e9e. Napol\u00e9on souhaite envahir l\u2019Angleterre et tous les chantiers navals fran\u00e7ais se mobilisent<\/p>\n","protected":false},"author":1,"featured_media":0,"parent":0,"menu_order":0,"comment_status":"closed","ping_status":"closed","template":"","meta":{"footnotes":""},"class_list":["post-3550","page","type-page","status-publish","hentry"],"yoast_head":"<!-- This site is optimized with the Yoast SEO plugin v22.8 - https:\/\/yoast.com\/wordpress\/plugins\/seo\/ -->\n<title>Camp de Boulogne - L&#039;Histoire est un roman...<\/title>\n<meta name=\"robots\" content=\"index, follow, max-snippet:-1, max-image-preview:large, max-video-preview:-1\" \/>\n<link rel=\"canonical\" href=\"https:\/\/aline-voinot.com\/index.php\/camp-de-boulogne\/\" \/>\n<meta property=\"og:locale\" content=\"fr_FR\" \/>\n<meta property=\"og:type\" content=\"article\" \/>\n<meta property=\"og:title\" content=\"Camp de Boulogne - L&#039;Histoire est un roman...\" \/>\n<meta property=\"og:description\" content=\"[vc_row full_width=\u00a0\u00bbstretch_row\u00a0\u00bb css=\u00a0\u00bb.vc_custom_1519929301374{background-color: #376092 !important;}\u00a0\u00bb][vc_column width=\u00a0\u00bb1\/2&Prime;][vc_column_text css=\u00a0\u00bb.vc_custom_1602158266241{margin-top: -20px !important;}\u00a0\u00bb] SYNOPSIS 1803 D\u00e9claration de guerre de la France \u00e0 l\u2019Angleterre. Boulogne devient le camp de base de la Grande-arm\u00e9e. Napol\u00e9on souhaite envahir l\u2019Angleterre et tous les chantiers navals fran\u00e7ais se mobilisent\" \/>\n<meta property=\"og:url\" content=\"https:\/\/aline-voinot.com\/index.php\/camp-de-boulogne\/\" \/>\n<meta property=\"og:site_name\" content=\"L&#039;Histoire est un roman...\" \/>\n<meta property=\"article:modified_time\" content=\"2020-10-08T13:45:06+00:00\" \/>\n<meta name=\"twitter:card\" content=\"summary_large_image\" \/>\n<meta name=\"twitter:label1\" content=\"Dur\u00e9e de lecture estim\u00e9e\" \/>\n\t<meta name=\"twitter:data1\" content=\"9 minutes\" \/>\n<script type=\"application\/ld+json\" class=\"yoast-schema-graph\">{\"@context\":\"https:\/\/schema.org\",\"@graph\":[{\"@type\":\"WebPage\",\"@id\":\"https:\/\/aline-voinot.com\/index.php\/camp-de-boulogne\/\",\"url\":\"https:\/\/aline-voinot.com\/index.php\/camp-de-boulogne\/\",\"name\":\"Camp de Boulogne - L&#039;Histoire est un roman...\",\"isPartOf\":{\"@id\":\"https:\/\/aline-voinot.com\/#website\"},\"datePublished\":\"2018-03-07T15:21:16+00:00\",\"dateModified\":\"2020-10-08T13:45:06+00:00\",\"breadcrumb\":{\"@id\":\"https:\/\/aline-voinot.com\/index.php\/camp-de-boulogne\/#breadcrumb\"},\"inLanguage\":\"fr-FR\",\"potentialAction\":[{\"@type\":\"ReadAction\",\"target\":[\"https:\/\/aline-voinot.com\/index.php\/camp-de-boulogne\/\"]}]},{\"@type\":\"BreadcrumbList\",\"@id\":\"https:\/\/aline-voinot.com\/index.php\/camp-de-boulogne\/#breadcrumb\",\"itemListElement\":[{\"@type\":\"ListItem\",\"position\":1,\"name\":\"Accueil\",\"item\":\"https:\/\/aline-voinot.com\/\"},{\"@type\":\"ListItem\",\"position\":2,\"name\":\"Camp de Boulogne\"}]},{\"@type\":\"WebSite\",\"@id\":\"https:\/\/aline-voinot.com\/#website\",\"url\":\"https:\/\/aline-voinot.com\/\",\"name\":\"L&#039;Histoire est un roman...\",\"description\":\"&quot;Destins connus, destins crois\u00e9s&quot; la premi\u00e8re encyclop\u00e9die romanc\u00e9e...\",\"potentialAction\":[{\"@type\":\"SearchAction\",\"target\":{\"@type\":\"EntryPoint\",\"urlTemplate\":\"https:\/\/aline-voinot.com\/?s={search_term_string}\"},\"query-input\":\"required name=search_term_string\"}],\"inLanguage\":\"fr-FR\"}]}<\/script>\n<!-- \/ Yoast SEO plugin. -->","yoast_head_json":{"title":"Camp de Boulogne - L&#039;Histoire est un roman...","robots":{"index":"index","follow":"follow","max-snippet":"max-snippet:-1","max-image-preview":"max-image-preview:large","max-video-preview":"max-video-preview:-1"},"canonical":"https:\/\/aline-voinot.com\/index.php\/camp-de-boulogne\/","og_locale":"fr_FR","og_type":"article","og_title":"Camp de Boulogne - L&#039;Histoire est un roman...","og_description":"[vc_row full_width=\u00a0\u00bbstretch_row\u00a0\u00bb css=\u00a0\u00bb.vc_custom_1519929301374{background-color: #376092 !important;}\u00a0\u00bb][vc_column width=\u00a0\u00bb1\/2&Prime;][vc_column_text css=\u00a0\u00bb.vc_custom_1602158266241{margin-top: -20px !important;}\u00a0\u00bb] SYNOPSIS 1803 D\u00e9claration de guerre de la France \u00e0 l\u2019Angleterre. Boulogne devient le camp de base de la Grande-arm\u00e9e. Napol\u00e9on souhaite envahir l\u2019Angleterre et tous les chantiers navals fran\u00e7ais se mobilisent","og_url":"https:\/\/aline-voinot.com\/index.php\/camp-de-boulogne\/","og_site_name":"L&#039;Histoire est un roman...","article_modified_time":"2020-10-08T13:45:06+00:00","twitter_card":"summary_large_image","twitter_misc":{"Dur\u00e9e de lecture estim\u00e9e":"9 minutes"},"schema":{"@context":"https:\/\/schema.org","@graph":[{"@type":"WebPage","@id":"https:\/\/aline-voinot.com\/index.php\/camp-de-boulogne\/","url":"https:\/\/aline-voinot.com\/index.php\/camp-de-boulogne\/","name":"Camp de Boulogne - L&#039;Histoire est un roman...","isPartOf":{"@id":"https:\/\/aline-voinot.com\/#website"},"datePublished":"2018-03-07T15:21:16+00:00","dateModified":"2020-10-08T13:45:06+00:00","breadcrumb":{"@id":"https:\/\/aline-voinot.com\/index.php\/camp-de-boulogne\/#breadcrumb"},"inLanguage":"fr-FR","potentialAction":[{"@type":"ReadAction","target":["https:\/\/aline-voinot.com\/index.php\/camp-de-boulogne\/"]}]},{"@type":"BreadcrumbList","@id":"https:\/\/aline-voinot.com\/index.php\/camp-de-boulogne\/#breadcrumb","itemListElement":[{"@type":"ListItem","position":1,"name":"Accueil","item":"https:\/\/aline-voinot.com\/"},{"@type":"ListItem","position":2,"name":"Camp de Boulogne"}]},{"@type":"WebSite","@id":"https:\/\/aline-voinot.com\/#website","url":"https:\/\/aline-voinot.com\/","name":"L&#039;Histoire est un roman...","description":"&quot;Destins connus, destins crois\u00e9s&quot; la premi\u00e8re encyclop\u00e9die romanc\u00e9e...","potentialAction":[{"@type":"SearchAction","target":{"@type":"EntryPoint","urlTemplate":"https:\/\/aline-voinot.com\/?s={search_term_string}"},"query-input":"required name=search_term_string"}],"inLanguage":"fr-FR"}]}},"_links":{"self":[{"href":"https:\/\/aline-voinot.com\/index.php\/wp-json\/wp\/v2\/pages\/3550","targetHints":{"allow":["GET"]}}],"collection":[{"href":"https:\/\/aline-voinot.com\/index.php\/wp-json\/wp\/v2\/pages"}],"about":[{"href":"https:\/\/aline-voinot.com\/index.php\/wp-json\/wp\/v2\/types\/page"}],"author":[{"embeddable":true,"href":"https:\/\/aline-voinot.com\/index.php\/wp-json\/wp\/v2\/users\/1"}],"replies":[{"embeddable":true,"href":"https:\/\/aline-voinot.com\/index.php\/wp-json\/wp\/v2\/comments?post=3550"}],"version-history":[{"count":0,"href":"https:\/\/aline-voinot.com\/index.php\/wp-json\/wp\/v2\/pages\/3550\/revisions"}],"wp:attachment":[{"href":"https:\/\/aline-voinot.com\/index.php\/wp-json\/wp\/v2\/media?parent=3550"}],"curies":[{"name":"wp","href":"https:\/\/api.w.org\/{rel}","templated":true}]}}