{"id":3569,"date":"2018-03-07T19:03:10","date_gmt":"2018-03-07T18:03:10","guid":{"rendered":"http:\/\/aline-voinot.com\/?page_id=3569"},"modified":"2018-12-13T15:50:21","modified_gmt":"2018-12-13T14:50:21","slug":"marengo","status":"publish","type":"page","link":"https:\/\/aline-voinot.com\/index.php\/marengo\/","title":{"rendered":"Bataille de Marengo"},"content":{"rendered":"<p>[vc_row full_width=\u00a0\u00bbstretch_row\u00a0\u00bb css=\u00a0\u00bb.vc_custom_1520445984807{background-color: #778491 !important;}\u00a0\u00bb][vc_column width=\u00a0\u00bb1\/2&Prime;][vc_row_inner][vc_column_inner css=\u00a0\u00bb.vc_custom_1519814829730{padding-right: 50px !important;}\u00a0\u00bb][vc_column_text]<\/p>\n<p style=\"text-align: center;\"><span style=\"color: #ffffff;\">SYNOPSIS<\/span><\/p>\n<table>\n<tbody>\n<tr>\n<td width=\"86\"><span style=\"color: #ffffff;\"><strong>BELLLIGERANTS<\/strong><\/span><\/td>\n<td width=\"369\"><span style=\"color: #ffffff;\"><strong>R\u00e9publique fran\u00e7aise contre Saint-Empire<\/strong><\/span><\/td>\n<\/tr>\n<tr>\n<td width=\"86\"><span style=\"color: #ffffff;\"><strong>DATE<\/strong><\/span><\/td>\n<td width=\"369\"><span style=\"color: #ffffff;\"><strong>14 Juin 1800<\/strong><\/span><\/td>\n<\/tr>\n<tr>\n<td width=\"86\"><span style=\"color: #ffffff;\"><strong>LIEU<\/strong><\/span><\/td>\n<td width=\"369\"><span style=\"color: #ffffff;\"><strong>Italie<\/strong><\/span><\/td>\n<\/tr>\n<tr>\n<td width=\"86\"><span style=\"color: #ffffff;\"><strong>R\u00c9SULTATS<\/strong><\/span><\/td>\n<td width=\"369\"><span style=\"color: #ffffff;\"><strong>Victoire fran\u00e7aise<\/strong><\/span><\/td>\n<\/tr>\n<tr>\n<td width=\"86\"><span style=\"color: #ffffff;\"><strong>CONS\u00c9QUENCES<\/strong><\/span><\/td>\n<td width=\"369\">\n<ul>\n<li><span style=\"color: #ffffff;\"><strong>Scelle le succ\u00e8s de la campagne d&rsquo;Italie<\/strong><\/span><\/li>\n<li><span style=\"color: #ffffff;\"><strong>Convention d&rsquo;Alexandrie ou Armistice de Marengo qui m\u00e8ne \u00e0 la conqu\u00eate de l&rsquo;Italie par les arm\u00e9es fran\u00e7aises sous le commandement de Napol\u00e9on Bonaparte.<\/strong><\/span><\/li>\n<li><span style=\"color: #ffffff;\">Position de Bonaparte renforc\u00e9e<\/span><\/li>\n<\/ul>\n<\/td>\n<\/tr>\n<\/tbody>\n<\/table>\n<p>[\/vc_column_text][\/vc_column_inner][\/vc_row_inner][\/vc_column][vc_column width=\u00a0\u00bb1\/2&Prime;][vc_row_inner][vc_column_inner width=\u00a0\u00bb1\/2&Prime;][vc_column_text]<\/p>\n<h6 style=\"text-align: center;\"><span style=\"color: #ffffff;\">REPUBLIQUE FRAN\u00c7AISE<\/span><\/h6>\n<p style=\"text-align: center;\">[\/vc_column_text][vc_masonry_media_grid grid_id=\u00a0\u00bbvc_gid:1544711549220-84c4136d94a8238b5a942016df13f7ee-1&Prime; include=\u00a0\u00bb3271&Prime;][vc_column_text]<span style=\"color: #ffffff;\">Principaux commandants :<\/span><\/p>\n<ul>\n<li><span style=\"color: #ffffff;\">Napol\u00e9on Bonaparte (Fr)<\/span><\/li>\n<li><span style=\"color: #ffffff;\">Claude-Victor Perrin (Fr)<\/span><\/li>\n<li><span style=\"color: #ffffff;\">Jean Lannes\u00a0(Fr)<\/span><\/li>\n<\/ul>\n<p>[\/vc_column_text][\/vc_column_inner][vc_column_inner width=\u00a0\u00bb1\/2&Prime;][vc_column_text]<\/p>\n<p style=\"text-align: center;\"><span style=\"color: #ffffff;\">DEUXI\u00c8ME COALITION<\/span><\/p>\n<p>[\/vc_column_text][vc_masonry_media_grid grid_id=\u00a0\u00bbvc_gid:1544711549345-9d4a1e326fadff2c951a6caab1f71caa-6&Prime; include=\u00a0\u00bb3208&Prime;][vc_column_text]<\/p>\n<ul>\n<li><span style=\"color: #ffffff;\">Michael von Melas (Au)<\/span><\/li>\n<li><span style=\"color: #ffffff;\">Anton von Zach ((Au)<\/span><\/li>\n<\/ul>\n<p>[\/vc_column_text][vc_empty_space height=\u00a0\u00bb80px\u00a0\u00bb][vc_btn title=\u00a0\u00bbTome 1&Prime; color=\u00a0\u00bbdanger\u00a0\u00bb size=\u00a0\u00bbxs\u00a0\u00bb][\/vc_column_inner][\/vc_row_inner][\/vc_column][\/vc_row][vc_row][vc_column][vc_row_inner][vc_column_inner width=\u00a0\u00bb1\/3&Prime;][vc_single_image image=\u00a0\u00bb4904&Prime; img_size=\u00a0\u00bbfull\u00a0\u00bb onclick=\u00a0\u00bbcustom_link\u00a0\u00bb img_link_target=\u00a0\u00bb_blank\u00a0\u00bb css=\u00a0\u00bb.vc_custom_1544711276921{margin-bottom: -10px !important;}\u00a0\u00bb link=\u00a0\u00bbhttps:\/\/www.westpoint.edu\/history\/SiteAssets\/SitePages\/Napoleonic%20War\/NapWars35.jpg\u00a0\u00bb][vc_btn title=\u00a0\u00bb2e\u0300me Campagne d&rsquo;Italie &#8211; Carte &#8211; Avril 1800 &#8211; Marengo &#8211; Westpoint Academy Maps\u00a0\u00bb style=\u00a0\u00bbclassic\u00a0\u00bb shape=\u00a0\u00bbsquare\u00a0\u00bb color=\u00a0\u00bbdefault\u00a0\u00bb align=\u00a0\u00bbcenter\u00a0\u00bb i_align=\u00a0\u00bbright\u00a0\u00bb i_icon_fontawesome=\u00a0\u00bbfa fa-eye\u00a0\u00bb add_icon=\u00a0\u00bbtrue\u00a0\u00bb css=\u00a0\u00bb.vc_custom_1544710327538{margin-top: -5px !important;}\u00a0\u00bb link=\u00a0\u00bburl:https%3A%2F%2Fwww.google.fr%2Fmaps%2Fplace%2FFiume%2BTrebbia%2F%4044.7884947%2C7.2120284%2C7z%2Fdata%3D!4m5!3m4!1s0x12d4ab789698775f%3A0xd526bef369436b94!8m2!3d44.7888903!4d9.4534052%3Fhl%3Dfr|||\u00a0\u00bb][\/vc_column_inner][vc_column_inner width=\u00a0\u00bb1\/3&Prime;][vc_single_image image=\u00a0\u00bb4905&Prime; img_size=\u00a0\u00bbfull\u00a0\u00bb onclick=\u00a0\u00bblink_image\u00a0\u00bb css=\u00a0\u00bb.vc_custom_1544710206836{margin-bottom: -10px !important;}\u00a0\u00bb][vc_btn title=\u00a0\u00bb2e\u0300me Campagne d&rsquo;Italie &#8211; Carte &#8211; Avril 1800 &#8211; Marengo &#8211; Westpoint Academy Maps\u00a0\u00bb style=\u00a0\u00bbclassic\u00a0\u00bb shape=\u00a0\u00bbsquare\u00a0\u00bb color=\u00a0\u00bbdefault\u00a0\u00bb align=\u00a0\u00bbcenter\u00a0\u00bb i_align=\u00a0\u00bbright\u00a0\u00bb i_icon_fontawesome=\u00a0\u00bbfa fa-eye\u00a0\u00bb add_icon=\u00a0\u00bbtrue\u00a0\u00bb css=\u00a0\u00bb.vc_custom_1544710722767{margin-top: -5px !important;margin-left: -5px !important;}\u00a0\u00bb link=\u00a0\u00bburl:https%3A%2F%2Fwww.google.fr%2Fmaps%2Fplace%2F20062%2BCassano%2Bd&rsquo;Adda%2C%2BMilan%2C%2BItalie%2F%4045.5247577%2C5.0307756%2C6z%2Fdata%3D!4m8!1m2!2m1!1scassano%2C%2BItalie!3m4!1s0x47814aec63453f07%3A0xfd8b86b9e19c60b7!8m2!3d45.5265546!4d9.5141602%3Fhl%3Dfr|||\u00a0\u00bb][\/vc_column_inner][vc_column_inner width=\u00a0\u00bb1\/3&Prime;][vc_single_image image=\u00a0\u00bb4907&Prime; img_size=\u00a0\u00bbfull\u00a0\u00bb onclick=\u00a0\u00bbcustom_link\u00a0\u00bb img_link_target=\u00a0\u00bb_blank\u00a0\u00bb css=\u00a0\u00bb.vc_custom_1544711269188{margin-bottom: -10px !important;}\u00a0\u00bb link=\u00a0\u00bbhttps:\/\/www.westpoint.edu\/history\/SiteAssets\/SitePages\/Napoleonic%20War\/NapWars36.jpg\u00a0\u00bb][vc_btn title=\u00a0\u00bb2e\u0300me Campagne d&rsquo;Italie &#8211; Carte &#8211; 14 Mai 1800 &#8211; Marengo &#8211; Westpoint Academy Maps\u00a0\u00bb style=\u00a0\u00bbclassic\u00a0\u00bb shape=\u00a0\u00bbsquare\u00a0\u00bb color=\u00a0\u00bbdefault\u00a0\u00bb align=\u00a0\u00bbcenter\u00a0\u00bb i_align=\u00a0\u00bbright\u00a0\u00bb i_icon_fontawesome=\u00a0\u00bbfa fa-eye\u00a0\u00bb add_icon=\u00a0\u00bbtrue\u00a0\u00bb css=\u00a0\u00bb.vc_custom_1544710744707{margin-top: -5px !important;}\u00a0\u00bb link=\u00a0\u00bburl:https%3A%2F%2Fwww.google.fr%2Fmaps%2Fplace%2F46100%2BMantoue%2C%2BItalie%2F%4045.1618479%2C10.7382311%2C6z%2Fdata%3D!4m5!3m4!1s0x4781d40f82e52ed9%3A0xc1c7fd07590e7b85!8m2!3d45.1564168!4d10.7913751%3Fhl%3Dfr|||\u00a0\u00bb][\/vc_column_inner][\/vc_row_inner][vc_row_inner][vc_column_inner width=\u00a0\u00bb1\/3&Prime;][vc_single_image image=\u00a0\u00bb4909&Prime; img_size=\u00a0\u00bbfull\u00a0\u00bb onclick=\u00a0\u00bblink_image\u00a0\u00bb css=\u00a0\u00bb.vc_custom_1544711624347{margin-bottom: -10px !important;}\u00a0\u00bb][vc_btn title=\u00a0\u00bb2e\u0300me Campagne d&rsquo;Italie &#8211; Carte &#8211; 24 Mai 1800 &#8211; Marengo &#8211; Westpoint Academy Maps\u00a0\u00bb style=\u00a0\u00bbclassic\u00a0\u00bb shape=\u00a0\u00bbsquare\u00a0\u00bb color=\u00a0\u00bbdefault\u00a0\u00bb align=\u00a0\u00bbcenter\u00a0\u00bb i_align=\u00a0\u00bbright\u00a0\u00bb i_icon_fontawesome=\u00a0\u00bbfa fa-eye\u00a0\u00bb add_icon=\u00a0\u00bbtrue\u00a0\u00bb css=\u00a0\u00bb.vc_custom_1544710819859{margin-top: -5px !important;}\u00a0\u00bb link=\u00a0\u00bburl:https%3A%2F%2Fwww.google.fr%2Fmaps%2Fplace%2F46100%2BMantoue%2C%2BItalie%2F%4045.1618479%2C10.7382311%2C6z%2Fdata%3D!4m5!3m4!1s0x4781d40f82e52ed9%3A0xc1c7fd07590e7b85!8m2!3d45.1564168!4d10.7913751%3Fhl%3Dfr|||\u00a0\u00bb][\/vc_column_inner][vc_column_inner width=\u00a0\u00bb1\/3&Prime;][vc_single_image image=\u00a0\u00bb4908&Prime; img_size=\u00a0\u00bbfull\u00a0\u00bb onclick=\u00a0\u00bbcustom_link\u00a0\u00bb img_link_target=\u00a0\u00bb_blank\u00a0\u00bb css=\u00a0\u00bb.vc_custom_1544711342740{margin-bottom: -10px !important;}\u00a0\u00bb link=\u00a0\u00bbhttps:\/\/www.westpoint.edu\/history\/SiteAssets\/SitePages\/Napoleonic%20War\/NapWars38.jpg\u00a0\u00bb][vc_btn title=\u00a0\u00bb2e\u0300me Campagne d&rsquo;Italie &#8211; Carte &#8211; 5 juin 1800 &#8211; Marengo &#8211; Westpoint Academy Maps\u00a0\u00bb style=\u00a0\u00bbclassic\u00a0\u00bb shape=\u00a0\u00bbsquare\u00a0\u00bb color=\u00a0\u00bbdefault\u00a0\u00bb align=\u00a0\u00bbcenter\u00a0\u00bb i_align=\u00a0\u00bbright\u00a0\u00bb i_icon_fontawesome=\u00a0\u00bbfa fa-eye\u00a0\u00bb add_icon=\u00a0\u00bbtrue\u00a0\u00bb css=\u00a0\u00bb.vc_custom_1544710807496{margin-top: -5px !important;}\u00a0\u00bb link=\u00a0\u00bburl:https%3A%2F%2Fwww.google.fr%2Fmaps%2Fplace%2F46100%2BMantoue%2C%2BItalie%2F%4045.1618479%2C10.7382311%2C6z%2Fdata%3D!4m5!3m4!1s0x4781d40f82e52ed9%3A0xc1c7fd07590e7b85!8m2!3d45.1564168!4d10.7913751%3Fhl%3Dfr|||\u00a0\u00bb][\/vc_column_inner][vc_column_inner width=\u00a0\u00bb1\/3&Prime;][vc_single_image image=\u00a0\u00bb4910&Prime; img_size=\u00a0\u00bbfull\u00a0\u00bb onclick=\u00a0\u00bbcustom_link\u00a0\u00bb img_link_target=\u00a0\u00bb_blank\u00a0\u00bb css=\u00a0\u00bb.vc_custom_1544711606436{margin-bottom: -10px !important;}\u00a0\u00bb link=\u00a0\u00bbhttps:\/\/www.westpoint.edu\/history\/SiteAssets\/SitePages\/Napoleonic%20War\/NapWars39.jpg\u00a0\u00bb][vc_btn title=\u00a0\u00bb2e\u0300me Campagne d&rsquo;Italie &#8211; Carte &#8211; 12 juin 1800 &#8211; Marengo\u00a0\u00bb style=\u00a0\u00bbclassic\u00a0\u00bb shape=\u00a0\u00bbsquare\u00a0\u00bb color=\u00a0\u00bbdefault\u00a0\u00bb align=\u00a0\u00bbcenter\u00a0\u00bb i_align=\u00a0\u00bbright\u00a0\u00bb i_icon_fontawesome=\u00a0\u00bbfa fa-eye\u00a0\u00bb add_icon=\u00a0\u00bbtrue\u00a0\u00bb css=\u00a0\u00bb.vc_custom_1544710613264{margin-top: -5px !important;}\u00a0\u00bb link=\u00a0\u00bb|||\u00a0\u00bb][\/vc_column_inner][\/vc_row_inner][vc_row_inner][vc_column_inner width=\u00a0\u00bb1\/3&Prime;][vc_single_image image=\u00a0\u00bb4906&Prime; img_size=\u00a0\u00bbfull\u00a0\u00bb onclick=\u00a0\u00bbcustom_link\u00a0\u00bb img_link_target=\u00a0\u00bb_blank\u00a0\u00bb css=\u00a0\u00bb.vc_custom_1544711588198{margin-bottom: -10px !important;}\u00a0\u00bb link=\u00a0\u00bbhttps:\/\/www.westpoint.edu\/history\/SiteAssets\/SitePages\/Napoleonic%20War\/Nap11.gif\u00a0\u00bb][vc_btn title=\u00a0\u00bb2e\u0300me Campagne d&rsquo;Italie &#8211; Carte &#8211; 14 juin 1800 &#8211; Marengo &#8211; Westpoint Academy Maps\u00a0\u00bb style=\u00a0\u00bbclassic\u00a0\u00bb shape=\u00a0\u00bbsquare\u00a0\u00bb color=\u00a0\u00bbdefault\u00a0\u00bb align=\u00a0\u00bbcenter\u00a0\u00bb i_align=\u00a0\u00bbright\u00a0\u00bb i_icon_fontawesome=\u00a0\u00bbfa fa-eye\u00a0\u00bb add_icon=\u00a0\u00bbtrue\u00a0\u00bb css=\u00a0\u00bb.vc_custom_1544710731139{margin-top: -5px !important;}\u00a0\u00bb link=\u00a0\u00bburl:https%3A%2F%2Fwww.google.fr%2Fmaps%2Fplace%2FFiume%2BTrebbia%2F%4044.7884947%2C7.2120284%2C7z%2Fdata%3D!4m5!3m4!1s0x12d4ab789698775f%3A0xd526bef369436b94!8m2!3d44.7888903!4d9.4534052%3Fhl%3Dfr|||\u00a0\u00bb][\/vc_column_inner][vc_column_inner width=\u00a0\u00bb1\/3&Prime;][vc_single_image image=\u00a0\u00bb4911&Prime; img_size=\u00a0\u00bbfull\u00a0\u00bb onclick=\u00a0\u00bbcustom_link\u00a0\u00bb img_link_target=\u00a0\u00bb_blank\u00a0\u00bb css=\u00a0\u00bb.vc_custom_1544711594622{margin-bottom: -10px !important;}\u00a0\u00bb link=\u00a0\u00bbhttps:\/\/www.westpoint.edu\/history\/SiteAssets\/SitePages\/Napoleonic%20War\/NapWars41.jpg\u00a0\u00bb][vc_btn title=\u00a0\u00bb2e\u0300me Campagne d&rsquo;Italie &#8211; Carte &#8211; 14 juin 1800 &#8211; Marengo vers 10.00h &#8211; Westpoint Academy Maps \u00a0\u00bb style=\u00a0\u00bbclassic\u00a0\u00bb shape=\u00a0\u00bbsquare\u00a0\u00bb color=\u00a0\u00bbdefault\u00a0\u00bb align=\u00a0\u00bbcenter\u00a0\u00bb i_align=\u00a0\u00bbright\u00a0\u00bb i_icon_fontawesome=\u00a0\u00bbfa fa-eye\u00a0\u00bb add_icon=\u00a0\u00bbtrue\u00a0\u00bb css=\u00a0\u00bb.vc_custom_1544710754213{margin-top: -5px !important;}\u00a0\u00bb link=\u00a0\u00bb||target:%20_blank|rel:nofollow\u00a0\u00bb][\/vc_column_inner][vc_column_inner width=\u00a0\u00bb1\/3&Prime;][vc_single_image image=\u00a0\u00bb4912&Prime; img_size=\u00a0\u00bbfull\u00a0\u00bb onclick=\u00a0\u00bbcustom_link\u00a0\u00bb img_link_target=\u00a0\u00bb_blank\u00a0\u00bb css=\u00a0\u00bb.vc_custom_1544711579881{margin-bottom: -10px !important;}\u00a0\u00bb link=\u00a0\u00bbhttps:\/\/www.westpoint.edu\/history\/SiteAssets\/SitePages\/Napoleonic%20War\/NapWars42.jpg\u00a0\u00bb][vc_btn title=\u00a0\u00bb2e\u0300me Campagne d&rsquo;Italie &#8211; Carte &#8211; 14 juin 1800 &#8211; Marengo vers 15.00h &#8211; Westpoint Academy Maps\u00a0\u00bb style=\u00a0\u00bbclassic\u00a0\u00bb shape=\u00a0\u00bbsquare\u00a0\u00bb color=\u00a0\u00bbdefault\u00a0\u00bb align=\u00a0\u00bbcenter\u00a0\u00bb i_align=\u00a0\u00bbright\u00a0\u00bb i_icon_fontawesome=\u00a0\u00bbfa fa-eye\u00a0\u00bb add_icon=\u00a0\u00bbtrue\u00a0\u00bb css=\u00a0\u00bb.vc_custom_1544710763222{margin-top: -5px !important;}\u00a0\u00bb link=\u00a0\u00bb||target:%20_blank|rel:nofollow\u00a0\u00bb][\/vc_column_inner][\/vc_row_inner][\/vc_column][\/vc_row]<\/p>\n","protected":false},"excerpt":{"rendered":"<p>[vc_row full_width=\u00a0\u00bbstretch_row\u00a0\u00bb css=\u00a0\u00bb.vc_custom_1520445984807{background-color: #778491 !important;}\u00a0\u00bb][vc_column width=\u00a0\u00bb1\/2&Prime;][vc_row_inner][vc_column_inner css=\u00a0\u00bb.vc_custom_1519814829730{padding-right: 50px !important;}\u00a0\u00bb][vc_column_text] SYNOPSIS BELLLIGERANTS R\u00e9publique fran\u00e7aise contre Saint-Empire DATE 14 Juin 1800 LIEU Italie R\u00c9SULTATS Victoire fran\u00e7aise CONS\u00c9QUENCES Scelle le succ\u00e8s de la campagne d&rsquo;Italie Convention d&rsquo;Alexandrie ou Armistice de Marengo qui m\u00e8ne<\/p>\n","protected":false},"author":1,"featured_media":0,"parent":0,"menu_order":0,"comment_status":"closed","ping_status":"closed","template":"","meta":{"footnotes":""},"class_list":["post-3569","page","type-page","status-publish","hentry"],"yoast_head":"<!-- This site is optimized with the Yoast SEO plugin v22.8 - https:\/\/yoast.com\/wordpress\/plugins\/seo\/ -->\n<title>Bataille de Marengo - L&#039;Histoire est un roman...<\/title>\n<meta name=\"robots\" content=\"index, follow, max-snippet:-1, max-image-preview:large, max-video-preview:-1\" \/>\n<link rel=\"canonical\" href=\"https:\/\/aline-voinot.com\/index.php\/marengo\/\" \/>\n<meta property=\"og:locale\" content=\"fr_FR\" \/>\n<meta property=\"og:type\" content=\"article\" \/>\n<meta property=\"og:title\" content=\"Bataille de Marengo - L&#039;Histoire est un roman...\" \/>\n<meta property=\"og:description\" content=\"[vc_row full_width=\u00a0\u00bbstretch_row\u00a0\u00bb css=\u00a0\u00bb.vc_custom_1520445984807{background-color: #778491 !important;}\u00a0\u00bb][vc_column width=\u00a0\u00bb1\/2&Prime;][vc_row_inner][vc_column_inner css=\u00a0\u00bb.vc_custom_1519814829730{padding-right: 50px !important;}\u00a0\u00bb][vc_column_text] SYNOPSIS BELLLIGERANTS R\u00e9publique fran\u00e7aise contre Saint-Empire DATE 14 Juin 1800 LIEU Italie R\u00c9SULTATS Victoire fran\u00e7aise CONS\u00c9QUENCES Scelle le succ\u00e8s de la campagne d&rsquo;Italie Convention d&rsquo;Alexandrie ou Armistice de Marengo qui m\u00e8ne\" \/>\n<meta property=\"og:url\" content=\"https:\/\/aline-voinot.com\/index.php\/marengo\/\" \/>\n<meta property=\"og:site_name\" content=\"L&#039;Histoire est un roman...\" \/>\n<meta property=\"article:modified_time\" content=\"2018-12-13T14:50:21+00:00\" \/>\n<meta name=\"twitter:card\" content=\"summary_large_image\" \/>\n<meta name=\"twitter:label1\" content=\"Dur\u00e9e de lecture estim\u00e9e\" \/>\n\t<meta name=\"twitter:data1\" content=\"6 minutes\" \/>\n<script type=\"application\/ld+json\" class=\"yoast-schema-graph\">{\"@context\":\"https:\/\/schema.org\",\"@graph\":[{\"@type\":\"WebPage\",\"@id\":\"https:\/\/aline-voinot.com\/index.php\/marengo\/\",\"url\":\"https:\/\/aline-voinot.com\/index.php\/marengo\/\",\"name\":\"Bataille de Marengo - L&#039;Histoire est un roman...\",\"isPartOf\":{\"@id\":\"https:\/\/aline-voinot.com\/#website\"},\"datePublished\":\"2018-03-07T18:03:10+00:00\",\"dateModified\":\"2018-12-13T14:50:21+00:00\",\"breadcrumb\":{\"@id\":\"https:\/\/aline-voinot.com\/index.php\/marengo\/#breadcrumb\"},\"inLanguage\":\"fr-FR\",\"potentialAction\":[{\"@type\":\"ReadAction\",\"target\":[\"https:\/\/aline-voinot.com\/index.php\/marengo\/\"]}]},{\"@type\":\"BreadcrumbList\",\"@id\":\"https:\/\/aline-voinot.com\/index.php\/marengo\/#breadcrumb\",\"itemListElement\":[{\"@type\":\"ListItem\",\"position\":1,\"name\":\"Accueil\",\"item\":\"https:\/\/aline-voinot.com\/\"},{\"@type\":\"ListItem\",\"position\":2,\"name\":\"Bataille de Marengo\"}]},{\"@type\":\"WebSite\",\"@id\":\"https:\/\/aline-voinot.com\/#website\",\"url\":\"https:\/\/aline-voinot.com\/\",\"name\":\"L&#039;Histoire est un roman...\",\"description\":\"&quot;Destins connus, destins crois\u00e9s&quot; la premi\u00e8re encyclop\u00e9die romanc\u00e9e...\",\"potentialAction\":[{\"@type\":\"SearchAction\",\"target\":{\"@type\":\"EntryPoint\",\"urlTemplate\":\"https:\/\/aline-voinot.com\/?s={search_term_string}\"},\"query-input\":\"required name=search_term_string\"}],\"inLanguage\":\"fr-FR\"}]}<\/script>\n<!-- \/ Yoast SEO plugin. -->","yoast_head_json":{"title":"Bataille de Marengo - L&#039;Histoire est un roman...","robots":{"index":"index","follow":"follow","max-snippet":"max-snippet:-1","max-image-preview":"max-image-preview:large","max-video-preview":"max-video-preview:-1"},"canonical":"https:\/\/aline-voinot.com\/index.php\/marengo\/","og_locale":"fr_FR","og_type":"article","og_title":"Bataille de Marengo - L&#039;Histoire est un roman...","og_description":"[vc_row full_width=\u00a0\u00bbstretch_row\u00a0\u00bb css=\u00a0\u00bb.vc_custom_1520445984807{background-color: #778491 !important;}\u00a0\u00bb][vc_column width=\u00a0\u00bb1\/2&Prime;][vc_row_inner][vc_column_inner css=\u00a0\u00bb.vc_custom_1519814829730{padding-right: 50px !important;}\u00a0\u00bb][vc_column_text] SYNOPSIS BELLLIGERANTS R\u00e9publique fran\u00e7aise contre Saint-Empire DATE 14 Juin 1800 LIEU Italie R\u00c9SULTATS Victoire fran\u00e7aise CONS\u00c9QUENCES Scelle le succ\u00e8s de la campagne d&rsquo;Italie Convention d&rsquo;Alexandrie ou Armistice de Marengo qui m\u00e8ne","og_url":"https:\/\/aline-voinot.com\/index.php\/marengo\/","og_site_name":"L&#039;Histoire est un roman...","article_modified_time":"2018-12-13T14:50:21+00:00","twitter_card":"summary_large_image","twitter_misc":{"Dur\u00e9e de lecture estim\u00e9e":"6 minutes"},"schema":{"@context":"https:\/\/schema.org","@graph":[{"@type":"WebPage","@id":"https:\/\/aline-voinot.com\/index.php\/marengo\/","url":"https:\/\/aline-voinot.com\/index.php\/marengo\/","name":"Bataille de Marengo - L&#039;Histoire est un roman...","isPartOf":{"@id":"https:\/\/aline-voinot.com\/#website"},"datePublished":"2018-03-07T18:03:10+00:00","dateModified":"2018-12-13T14:50:21+00:00","breadcrumb":{"@id":"https:\/\/aline-voinot.com\/index.php\/marengo\/#breadcrumb"},"inLanguage":"fr-FR","potentialAction":[{"@type":"ReadAction","target":["https:\/\/aline-voinot.com\/index.php\/marengo\/"]}]},{"@type":"BreadcrumbList","@id":"https:\/\/aline-voinot.com\/index.php\/marengo\/#breadcrumb","itemListElement":[{"@type":"ListItem","position":1,"name":"Accueil","item":"https:\/\/aline-voinot.com\/"},{"@type":"ListItem","position":2,"name":"Bataille de Marengo"}]},{"@type":"WebSite","@id":"https:\/\/aline-voinot.com\/#website","url":"https:\/\/aline-voinot.com\/","name":"L&#039;Histoire est un roman...","description":"&quot;Destins connus, destins crois\u00e9s&quot; la premi\u00e8re encyclop\u00e9die romanc\u00e9e...","potentialAction":[{"@type":"SearchAction","target":{"@type":"EntryPoint","urlTemplate":"https:\/\/aline-voinot.com\/?s={search_term_string}"},"query-input":"required name=search_term_string"}],"inLanguage":"fr-FR"}]}},"_links":{"self":[{"href":"https:\/\/aline-voinot.com\/index.php\/wp-json\/wp\/v2\/pages\/3569","targetHints":{"allow":["GET"]}}],"collection":[{"href":"https:\/\/aline-voinot.com\/index.php\/wp-json\/wp\/v2\/pages"}],"about":[{"href":"https:\/\/aline-voinot.com\/index.php\/wp-json\/wp\/v2\/types\/page"}],"author":[{"embeddable":true,"href":"https:\/\/aline-voinot.com\/index.php\/wp-json\/wp\/v2\/users\/1"}],"replies":[{"embeddable":true,"href":"https:\/\/aline-voinot.com\/index.php\/wp-json\/wp\/v2\/comments?post=3569"}],"version-history":[{"count":0,"href":"https:\/\/aline-voinot.com\/index.php\/wp-json\/wp\/v2\/pages\/3569\/revisions"}],"wp:attachment":[{"href":"https:\/\/aline-voinot.com\/index.php\/wp-json\/wp\/v2\/media?parent=3569"}],"curies":[{"name":"wp","href":"https:\/\/api.w.org\/{rel}","templated":true}]}}